r) = r + 7. Let m be p(-5). Suppose -x = -m*u + 17, -x + 4*x - 12 = -3*u. What are the prime factors of j(u)?
2, 3
Let o be 7/(-2)*96/(-56). What are the prime factors of 8/o + (-2)/(-3)?
2
Let q(j) be the second derivative of -j**5/20 - 13*j**4/12 - 5*j**3/2 + 6*j**2 - 2*j. List the prime factors of q(-12).
2, 3
What are the prime factors of (-5732)/(-36) + (-8)/36 - -2?
7, 23
Suppose 0 = -5*q + q + 40. Let n = q + -6. List the prime factors of n.
2
Let r(o) = -o + 17. Let l(n) = 3*n - 52. Let i(b) = -3*l(b) - 8*r(b). List the prime factors of i(9).
11
Let u(s) = -4*s - 1. Let l be u(1). Let d(x) = x**3 + 5*x**2 - 7*x - 1. What are the prime factors of d(l)?
2, 17
Let f = -8 + 12. Suppose -6*u = 6*u - 36. Suppose 5 = -w + 2*w - u*c, -12 = -f*w + 4*c. List the prime factors of w.
2
Let k(q) = q - 7. Let h be k(7). Suppose u - 5*j - 20 = h, -6*u - 2*j = -u - 19. What are the prime factors of 37/u + (-4)/10?
7
Suppose -4*w - 6*i + 68 = -i, 2*w - 64 = 5*i. List the prime factors of w.
2, 11
List the prime factors of 8/(-4)*(-171)/6.
3, 19
Let w(i) = i**2 + i + 11. Suppose -v - 2*j - 11 = -1, 5*j = 5*v - 25. List the prime factors of w(v).
11
Let z = 43 + -8. What are the prime factors of z?
5, 7
Let b(o) = o + 3. Let x be b(-3). Let t be (-1)/(-1)*(-2 + 5). Suppose -t*i + 2*i + 12 = x. List the prime factors of i.
2, 3
Let v(f) = f**3 - 7*f**2 - 11*f + 2. Let d be v(8). Let j = d + 33. What are the prime factors of j?
11
Suppose -19*o + 22*o - 45 = 0. What are the prime factors of o?
3, 5
Suppose -23 = -x + 1. What are the prime factors of (-1)/3 + 680/x?
2, 7
Let r be (-138)/15 - 4/(-20). What are the prime factors of (-331)/r - 8/(-36)?
37
Let a(l) = -l**3 + 3*l**2 - l - 1. Let w = 6 + -4. Let s be a(w). List the prime factors of (s - 4*-2) + -1.
2
Suppose 30*q + 1902 = 36*q. List the prime factors of q.
317
Let w(v) be the second derivative of 5*v**4/12 - v**3/3 - v**2 - 3*v. Let t be w(2). List the prime factors of -2*1/(-4)*t.
7
Let n(k) = 117*k + 2. List the prime factors of n(1).
7, 17
Let z(h) be the second derivative of h**5/10 - h**4/6 - h**3/6 + 8*h. List the prime factors of z(2).
2, 3
Let h be ((-40)/30)/((-4)/(-6)). Let g be 7 - (1 + h + 3). List the prime factors of ((-14)/(-6))/(g/45).
3, 7
List the prime factors of 1434/22 - 14/77.
5, 13
Let c(i) = -4 - 13*i + i + 6*i. Let z = 2 - 5. What are the prime factors of c(z)?
2, 7
Let d(k) = k**3 + 10*k**2 + 9*k + 2. Let q be d(-9). Suppose o - q - 10 = 0. List the prime factors of o.
2, 3
List the prime factors of -2 + (2 - -3) - -16.
19
Let x(n) = 12*n**3 + n**2 + n - 2. List the prime factors of x(2).
2, 5
Suppose -r + 3*r = 76. Suppose -2*a + 0*a - r = 0. Let g = -4 - a. List the prime factors of g.
3, 5
Let g(o) = -o**3 + 4*o**2 + 3*o - 3. Suppose -8 = 3*p - p. Let h be (-1)/p*(9 - 1). What are the prime factors of g(h)?
11
Let s(l) = l**3 - 8*l**2 - 7*l + 4. Let w be s(8). Let m = w - -106. List the prime factors of m.
2, 3
Let r(k) = k - 3. Let m(n) = 2*n - 5. Let g(y) = -2*m(y) + 5*r(y). Let u be g(7). Let z = 10 - u. What are the prime factors of z?
2
Suppose -9*p + 10*p = 3*a + 199, 2*p + 2*a - 430 = 0. List the prime factors of p.
211
Let d(k) = k + 1. List the prime factors of d(13).
2, 7
Let f(z) = 2*z**3 - 8*z**2 - 5*z. What are the prime factors of f(6)?
2, 3, 19
Suppose 0 = 4*q + 7 - 63. Let v = q - 8. Suppose 12 = -4*u + v*u. List the prime factors of u.
2, 3
Let u = -108 + 276. What are the prime factors of u?
2, 3, 7
Suppose -12 = 3*j - l - 46, -3*l - 47 = -4*j. Let y = j + -3. List the prime factors of y.
2
Let c = 245 + -130. What are the prime factors of c?
5, 23
Let s(a) = -10*a - 24. What are the prime factors of s(-7)?
2, 23
Let l(q) = -6*q + 6. List the prime factors of l(-7).
2, 3
What are the prime factors of ((-8)/(-16))/((-3)/(-1434))?
239
Let c(o) = -2*o - 3*o**2 + 15 + 5*o**2 - o**2 + 3*o. List the prime factors of c(0).
3, 5
Let j be 4/(3/(9/6)). Suppose j*v - v - 4 = 0. List the prime factors of v.
2
Let m(x) be the second derivative of x**6/180 + x**5/120 - x**4/12 + x. Let t(a) be the third derivative of m(a). What are the prime factors of t(2)?
3
Let k(r) be the first derivative of -r**2 + 5*r - 5. What are the prime factors of k(-5)?
3, 5
Let k be (3 - (-5 + -3))/1. Let r = k - -7. What are the prime factors of r?
2, 3
Let q = -3 - -18. Let f = q + 1. Let b = f + -10. What are the prime factors of b?
2, 3
Let r(m) = -2*m + 1. Let h be r(-3). Suppose -3*i = -6 + 3. Suppose -h - i = -4*g. List the prime factors of g.
2
What are the prime factors of (-2)/4*(-256 + -6)?
131
Suppose -4*v = -5*c + 51, -3*c = v - 11 - 6. Suppose t - 22 = c. List the prime factors of t.
29
Let a = -3 - -8. Suppose a*o = o + 140. Suppose 0 = -s - y, 5*y = 2*s - 0*s - o. What are the prime factors of s?
5
Let n = 66 + 43. What are the prime factors of n?
109
Let d(o) = o**3 - 4*o**2 - 6*o + 23. List the prime factors of d(7).
2
Suppose -4*p + 1300 = 5*u, 3*u - 8*u = p - 1285. What are the prime factors of u?
2
Suppose 1 = z + 3*c, 3*z - 2*c - 45 = 3*c. List the prime factors of z.
2, 5
Let g = -116 + 203. List the prime factors of g.
3, 29
Suppose -b + 3*b - 2*o = 28, 2*b = -2*o + 28. List the prime factors of b.
2, 7
List the prime factors of (2 + (-61)/4)*(-20 + 16).
53
List the prime factors of (3 - 1) + (-54)/(-3).
2, 5
Suppose 4*i + 0 - 12 = 0. Suppose 2 = 4*l - 5*r, -4*r = i*l + 7 - 24. Suppose -21 = -l*g - 0*g. List the prime factors of g.
7
Suppose 79 = 3*t - 14. Let p = 54 - t. List the prime factors of p.
23
Let o(b) = -b**3 + b + 17. Let y be o(0). Let d = 6 + y. List the prime factors of d.
23
Let u(m) = -m**3 + 11*m**2 - 10*m - 4. Let k be u(9). Let b = k + -11. Let t = b - 41. What are the prime factors of t?
2
Let j(c) = -5*c**3 + 8*c**2 + 13*c - 4. Let t(a) = 6*a**3 - 8*a**2 - 14*a + 4. Let q(f) = -5*j(f) - 4*t(f). What are the prime factors of q(9)?
2
Suppose 4*k + 4 = -2*d - 2, 0 = -4*d - 12. Suppose 3*p = b - 49, 0*p + 3*p + 12 = k. List the prime factors of b.
37
Let o be (3 + -2)*0/1. Suppose l - 24 = -r, o = -l + 6*r - 2*r + 39. What are the prime factors of l?
3
Let l(c) = 2*c**3 - 3*c**2 + 2*c - 1. List the prime factors of l(3).
2
Suppose z - 6*z - 40 = 0. Let r = 21 + z. What are the prime factors of r?
13
Let o be 4/(-6) - (-2)/3. Suppose a = -o + 39. Suppose 3*w - a = -w + m, 0 = -w - 3*m. What are the prime factors of w?
3
Suppose v + 5*f - 9 = 0, 0 = 4*v + 4*f - 9 - 11. Let b(t) = t**2 + 3. List the prime factors of b(v).
19
Suppose 3*y + 4*y - 784 = 0. What are the prime factors of y?
2, 7
Suppose -2*v = -3*l - 35, 3*v + 0*v - 72 = -2*l. List the prime factors of v.
2, 11
Suppose 4*r = -2*g + 2, 3*r - g = -0*r + 14. Let y(o) = 0 - 1 - r*o + 9*o. List the prime factors of y(2).
11
Suppose 19 = -2*r - 3*m, -4*m = -3*r - 2*r + 10. Suppose i - 2 = -1. Let x = i - r. What are the prime factors of x?
3
Let w = 11 + -9. List the prime factors of (w - -6)*36/16.
2, 3
Suppose k + 2*k + 72 = -2*c, 4*k + 96 = 5*c. Let p = k - -50. List the prime factors of p.
2, 13
Let n = 13 + -1. Let c = n - 7. What are the prime factors of c?
5
Suppose -c + 449 = 2*p + 64, 0 = p + c - 192. List the prime factors of p.
193
Let k be -2 + 24/4 + -2. Suppose 38 = 2*p - 3*a - 51, -3*p + 146 = -k*a. List the prime factors of p.
2, 13
Let a(h) = 22 + h**2 + h - 22. Let b be a(2). What are the prime factors of (-30)/20*(-76)/b?
19
Let p = 29 - 13. Suppose o + p = 5*o. What are the prime factors of o?
2
Let r be 2/(-12) + 1581/(-18). Let t = -28 - r. Suppose 2*m - t = -2*m. List the prime factors of m.
3, 5
Let u(q) = -q**2 - 32*q + 23. List the prime factors of u(-21).
2, 127
Suppose 2*q - 6 = q. Let x(h) = -4*h + 7. Let k be x(q). Let v = -9 - k. What are the prime factors of v?
2
Let j(g) = g - 8. Let w = 16 + -9. Let i be j(w). List the prime factors of 3 + (-1 - (i - -1)).
2
Suppose 2*x + 3*b + b - 8 = 0, -3*x - 5*b = -14. Let w(v) = -v. Let g be w(-5). Let a = x - g. What are the prime factors of a?
3
List the prime factors of (-1)/(-1) + 101 + 6/3.
2, 13
Let i be (-2)/(-5) - 72/(-45). Let x(m) = 3 - 8*m**i - 6 - 8*m + 0*m + 0*m**3 - m**3. List the prime factors of x(-7).
2
Let o(j) = -j**2 + 4*j + 5. Let v be o(6). Let c = 30 - 44. Let i = v - c. List the prime facto